what is -10 - -302?
232
In base 14, what is -3d2 - -d?
-3c3
In base 7, what is -33111 + -2?
-33113
In base 9, what is 70 + 307?
377
In base 12, what is -14 - -4?
-10
In base 4, what is 1 - 1020?
-1013
In base 5, what is 3 - 313?
-310
In base 11, what is -4 + -22a?
-233
In base 4, what is -133 + -101?
-300
In base 2, what is -11 - 1000010001?
-1000010100
In base 2, what is 1011 - 10111010?
-10101111
In base 4, what is -1020 + -31?
-1111
In base 7, what is -350 + 3?
-344
In base 3, what is 100101120 - 11?
100101102
In base 4, what is -23 + 330?
301
In base 9, what is -10 - -3?
-6
In base 7, what is 156 + -165?
-6
In base 7, what is -105 + -3?
-111
In base 7, what is 53 - -11?
64
In base 15, what is -16d + 3?
-16a
In base 4, what is 11 - 1111?
-1100
In base 2, what is 111101110 + -10011?
111011011
In base 16, what is 68b + 2?
68d
In base 6, what is -352 - 3?
-355
In base 10, what is 1 + 36?
37
In base 5, what is -320444 + 10?
-320434
In base 3, what is 1 - 21?
-20
In base 3, what is -122 + -1000?
-1122
In base 16, what is 125b - -3?
125e
In base 16, what is -1667 - 3?
-166a
In base 11, what is -44 + -4?
-48
In base 14, what is -2 - -2d4?
2d2
In base 5, what is 1 - -41?
42
In base 8, what is 23 + -522?
-477
In base 16, what is -23 - 1f?
-42
In base 9, what is 258 + 3?
262
In base 15, what is -8 + 124?
11b
In base 10, what is -441 + -2?
-443
In base 9, what is -6 + -117?
-124
In base 7, what is 3222 + 3?
3225
In base 14, what is 12 - 0?
12
In base 2, what is -11 + -11000100?
-11000111
In base 14, what is -1b + 3d?
22
In base 7, what is 141 - 5?
133
In base 9, what is -6 + 343?
336
In base 7, what is 1452 + 5?
1460
In base 9, what is 15 - 107?
-82
In base 9, what is -36 + 13?
-23
In base 3, what is 1012 - -10010?
11022
In base 3, what is -2210101 - -1?
-2210100
In base 7, what is 2 + -110?
-105
In base 4, what is 1213 + -11?
1202
In base 14, what is -5 - a?
-11
In base 16, what is -a6 + -2?
-a8
In base 13, what is 3c - -3?
42
In base 13, what is -14 + -182?
-196
In base 10, what is 8 + 194?
202
In base 15, what is a - 0?
a
In base 15, what is -6a48 + 3?
-6a45
In base 4, what is -3 + -30?
-33
In base 6, what is 3 + 100?
103
In base 11, what is 1 - 32a?
-329
In base 3, what is -2 - 20000?
-20002
In base 10, what is 573 - 0?
573
In base 6, what is 1123352 + 0?
1123352
In base 8, what is -1 - 164?
-165
In base 4, what is -3 - 202123?
-202132
In base 6, what is 221 - 30?
151
In base 5, what is 0 + 11020?
11020
In base 11, what is 18 - 195?
-178
In base 5, what is -102 - -2?
-100
In base 7, what is -113 + -6?
-122
In base 16, what is 23 - 158?
-135
In base 13, what is 3 - -75?
78
In base 7, what is 1 + -1455?
-1454
In base 12, what is 600 - 3?
5b9
In base 12, what is -1 - 3b2?
-3b3
In base 9, what is 4125 - -5?
4131
In base 14, what is d7 + -2?
d5
In base 7, what is 116 - 4?
112
In base 9, what is -308 + -12?
-321
In base 3, what is 2 + -120202?
-120200
In base 3, what is -10210 + 1020?
-2120
In base 9, what is -2652 - 4?
-2656
In base 11, what is -106 + -a?
-115
In base 2, what is -111100101010 + 11?
-111100100111
In base 7, what is 0 - 1566?
-1566
In base 11, what is -38 + -2?
-3a
In base 2, what is 1 - 100011101?
-100011100
In base 11, what is 358 + -3?
355
In base 6, what is 1320 - -102?
1422
In base 14, what is 27c + -1?
27b
In base 13, what is c5 + -2?
c3
In base 8, what is 3 + -327?
-324
In base 2, what is -100111001000 - -11?
-100111000101
In base 4, what is 0 + 301?
301
In base 8, what is 14 + 131?
145
In base 8, what is -43 - 121?
-164
In base 13, what is -1 + -31?
-32
In base 2, what is -11100 - -11101?
1
In base 12, what is -2 + 3545?
3543
In base 12, what is -37 + -a?
-45
In base 11, what is -4 - -1661?
1658
In base 9, what is 266 + -52?
214
In base 11, what is 5aa + -10?
59a
In base 16, what is 2c5 - f?
2b6
In base 3, what is 110 - 201121?
-201011
In base 3, what is 1121 + 11121?
20012
In base 12, what is 139 + -15?
124
In base 14, what is 0 - -7c6?
7c6
In base 3, what is -10 - -21010012?
21010002
In base 8, what is 16 - -573?
611
In base 8, what is 114 + -5?
107
In base 6, what is -4 + -14?
-22
In base 13, what is -3 + 1c1?
1bb
In base 9, what is 384 + -4?
380
In base 10, what is -20 - 99?
-119
In base 14, what is 29b - c?
28d
In base 2, what is 1010111 + 11000?
1101111
In base 10, what is 15 + 4?
19
In base 4, what is -2 - 1?
-3
In base 2, what is 10000100100111 + 0?
10000100100111
In base 11, what is 0 - -a?
a
In base 9, what is -783 + -33?
-826
In base 12, what is 1 - 16?
-15
In base 8, what is -3 - -1303?
1300
In base 13, what is -1 - -1b5?
1b4
In base 6, what is -303 - 0?
-303
In base 4, what is -3 + 211211?
211202
In base 7, what is 3 + 6103?
6106
In base 14, what is 5 - -17?
1c
In base 12, what is -1b1 + 8?
-1a5
In base 10, what is 13106 - 5?
13101
In base 2, what is -1100100100 - -111?
-1100011101
In base 7, what is -30 - 26?
-56
In base 6, what is -51 + -10?
-101
In base 3, what is -1220 - -20?
-1200
In base 8, what is 3 - -61?
64
In base 14, what is 0 - 680?
-680
In base 2, what is -11011 - -111001?
11110
In base 13, what is -1 - -62?
61
In base 11, what is -35 - a0?
-125
In base 15, what is -3 + -35?
-38
In base 2, what is 110000000 - -11?
110000011
In base 9, what is -3 + 23?
20
In base 3, what is -1021020102 + 1?
-1021020101
In base 11, what is -170 + 4?
-167
In base 15, what is -49 + -1?
-4a
In base 9, what is -7 - -131?
123
In base 7, what is 5 + 130?
135
In base 3, what is -122 - -11?
-111
In base 16, what is -1a87 + 3?
-1a84
In base 13, what is -5b8 + -1?
-5b9
In base 14, what is 2ad + -4?
2a9
In base 12, what is 26b - 1?
26a
In base 9, what is -5 + 21?
15
In base 13, what is 4 + -45b?
-457
In base 5, what is 114041 - -1?
114042
In base 16, what is -18 + -f0?
-108
In base 10, what is -41 + 12?
-29
In base 8, what is -5523 + 5?
-5516
In base 15, what is -1098 - -5?
-1093
In base 7, what is -43 - 45?
-121
In base 2, what is 1110101 - -100?
1111001
In base 8, what is 20 - -172?
212
In base 11, what is 2 - 1178?
-1176
In base 5, what is -121 + -304?
-430
In base 5, what is 0 - -341?
341
In base 7, what is 453 + 0?
453
In base 13, what is -14 - -2?
-12
In base 4, what is -1301 + -10?
-1311
In base 11, what is 1912 - -1?
1913
In base 9, what is 303 - -1?
304
In base 14, what is 21 + 42?
63
In base 13, what is -1317 - -5?
-1312
In base 15, what is 32ad + -2?
32ab
In base 3, what is 20 - -1001200?
1001220
In base 9, what is 1 + 424?
425
In base 3, what is -111 - 1120?
-2001
In base 9, what is -5 - 6875?
-6881
In base 3, what is -111 + 10?
-101
In base 9, what is 148 + 0?
148
In base 11, what is 0 - -104?
104
In base 3, what is 1201222 + 21?
1202020
In base 7, what is -3226 + 2?
-3224
In base 15, what is -2 + 6b?
69
In base 3, what is -222 + 110?
-112
In base 14, what is 1c71 - 0?
1c71
In base 12, what is 14 + 159?
171
In base 14, what is -7 + -12?
-19
In base 4, what is 1 + -1132?
-1131
In base 16, what is -5 + 2ff?
2fa
In base 13, what is 19 + 5b?
77
In base 14, what is 17bb + -5?
17b6
In base 16, what is 1 + -26?
-25
In base 5, what is -222 - 10?
-232
In base 9, what is 641 - 3?
637
In base 12, what is 1796 - -2?
1798
In base 7, what is -123 + -4?
-130
In base 12, what is -5 + 24?
1b
In base 15, what is 1b - 7a?
-5e
In base 11, what is -61 + -3?
-64
In base 2, what is 0 - 1010010?
-1010010
In base 8, what is 4 + 37?
43
In base 3, what is -11000102 + 11?
-11000021
In base 16, what is a - d?
-3
In base 6, what is -503 + 250?
-213
In base 7, what is -130 + 3?
-124
In base 12, what is 16 + -1?
15
In base 8, what is -4 + -136?
-142
In base 13, what is -547 + -10?
-557
In base 2, what is -111 + -100010?
-101001
In base 14, what is -2 - -115?
113
In base 15, what is -25 + -14?
-39
In base 12, what is 2460 - -1?
2461
In base 10, what is -23 - -1?
-22
In base 3, what is -211 - -21100?
20112
In base 5, what is 100 + 4?
104
In base 9, what is -2 - -747?
745
In base 14, what is -5 - 71?
-76
In base 3, what is -102 - 10?
-112
In base 14, what is -4 - -44?
40
In base 16, what is -4e + 9?
-45
In base 14, what is 57 - -11?
68
In base 3, what is -10 - 1100001?
-1100011
In base 6, what is -32 + 3?
-25
In base 13, what is 913 - -5?
918
In base 3, what is -100012 + 0?
-100012
In base 3, what is -10011 - 101?
-10112
In base 2, what is 11100 + -1